{"id":200,"date":"2020-04-03T15:41:32","date_gmt":"2020-04-03T13:41:32","guid":{"rendered":"http:\/\/marie-eve-gremmens.be\/?page_id=200"},"modified":"2025-01-17T10:27:45","modified_gmt":"2025-01-17T09:27:45","slug":"burnouttest","status":"publish","type":"page","link":"https:\/\/marie-eve-gremmens.be\/index.php\/burnouttest\/","title":{"rendered":"Burnout"},"content":{"rendered":"<p>[et_pb_section fb_built=\u00a0\u00bb1&Prime; next_background_color=\u00a0\u00bb#f2f6fc\u00a0\u00bb _builder_version=\u00a0\u00bb4.16&Prime; use_background_color_gradient=\u00a0\u00bbon\u00a0\u00bb background_color_gradient_stops=\u00a0\u00bbrgba(127,141,255,0.5) 0%|#7f8dff 100%\u00a0\u00bb background_color_gradient_overlays_image=\u00a0\u00bbon\u00a0\u00bb background_color_gradient_start=\u00a0\u00bbrgba(127,141,255,0.5)\u00a0\u00bb background_color_gradient_end=\u00a0\u00bb#7f8dff\u00a0\u00bb background_image=\u00a0\u00bbhttp:\/\/marie-eve-gremmens.be\/wp-content\/uploads\/2020\/05\/photo-burnout-pro.jpg\u00a0\u00bb background_size=\u00a0\u00bbinitial\u00a0\u00bb custom_margin=\u00a0\u00bb||||false\u00a0\u00bb custom_padding=\u00a0\u00bb16vw||4vw||false\u00a0\u00bb bottom_divider_style=\u00a0\u00bbcurve\u00a0\u00bb bottom_divider_height=\u00a0\u00bb2.5vw\u00a0\u00bb global_colors_info=\u00a0\u00bb{}\u00a0\u00bb][et_pb_row _builder_version=\u00a0\u00bb4.16&Prime; animation_style=\u00a0\u00bbfade\u00a0\u00bb global_colors_info=\u00a0\u00bb{}\u00a0\u00bb][et_pb_column type=\u00a0\u00bb4_4&Prime; _builder_version=\u00a0\u00bb4.16&Prime; custom_padding=\u00a0\u00bb|||\u00a0\u00bb global_colors_info=\u00a0\u00bb{}\u00a0\u00bb custom_padding__hover=\u00a0\u00bb|||\u00a0\u00bb][et_pb_text _builder_version=\u00a0\u00bb4.16&Prime; text_font=\u00a0\u00bb||||||||\u00a0\u00bb text_font_size=\u00a0\u00bb18px\u00a0\u00bb text_line_height=\u00a0\u00bb2em\u00a0\u00bb header_font=\u00a0\u00bbMontserrat|300|||||||\u00a0\u00bb header_font_size=\u00a0\u00bb50px\u00a0\u00bb header_line_height=\u00a0\u00bb1.4em\u00a0\u00bb text_orientation=\u00a0\u00bbcenter\u00a0\u00bb background_layout=\u00a0\u00bbdark\u00a0\u00bb max_width=\u00a0\u00bb700px\u00a0\u00bb module_alignment=\u00a0\u00bbcenter\u00a0\u00bb header_font_size_tablet=\u00a0\u00bb40px\u00a0\u00bb header_font_size_phone=\u00a0\u00bb32px\u00a0\u00bb header_font_size_last_edited=\u00a0\u00bbon|desktop\u00a0\u00bb global_colors_info=\u00a0\u00bb{}\u00a0\u00bb]<\/p>\n<h1>Le Burn-out<\/h1>\n<p>[\/et_pb_text][\/et_pb_column][\/et_pb_row][\/et_pb_section][et_pb_section fb_built=\u00a0\u00bb1&Prime; custom_padding_last_edited=\u00a0\u00bboff|desktop\u00a0\u00bb admin_label=\u00a0\u00bbAbout\u00a0\u00bb _builder_version=\u00a0\u00bb4.16&Prime; background_color=\u00a0\u00bb#f2f6fc\u00a0\u00bb use_background_color_gradient=\u00a0\u00bbon\u00a0\u00bb background_color_gradient_type=\u00a0\u00bbcircular\u00a0\u00bb background_color_gradient_stops=\u00a0\u00bbrgba(255,255,255,0) 67%|#ffffff 100%\u00a0\u00bb background_color_gradient_start=\u00a0\u00bbrgba(255,255,255,0)\u00a0\u00bb background_color_gradient_start_position=\u00a0\u00bb67%\u00a0\u00bb background_color_gradient_end=\u00a0\u00bb#ffffff\u00a0\u00bb background_image=\u00a0\u00bbhttp:\/\/marie-eve-gremmens.be\/wp-content\/uploads\/2019\/10\/therapist-06d.png\u00a0\u00bb parallax=\u00a0\u00bbon\u00a0\u00bb custom_padding=\u00a0\u00bb100px|0px|100px|0px|true|false\u00a0\u00bb custom_padding_tablet=\u00a0\u00bb40px||40px||true\u00a0\u00bb global_colors_info=\u00a0\u00bb{}\u00a0\u00bb][et_pb_row _builder_version=\u00a0\u00bb4.16&Prime; global_colors_info=\u00a0\u00bb{}\u00a0\u00bb][et_pb_column type=\u00a0\u00bb4_4&Prime; _builder_version=\u00a0\u00bb4.16&Prime; global_colors_info=\u00a0\u00bb{}\u00a0\u00bb][et_pb_text _builder_version=\u00a0\u00bb4.27.4&Prime; global_colors_info=\u00a0\u00bb{}\u00a0\u00bb]<\/p>\n<p style=\"font-weight: 400;\">Dans ma pratique de <strong>coach et th\u00e9rapeute<\/strong>, j\u2019ai eu le privil\u00e8ge de rencontrer de nombreuses personnes dites \u00ab\u00a0hyper\u00a0\u00bb : hypersensibles, hyperactives, hyperempathiques, souvent exigeantes envers elles-m\u00eames. Ces personnes partagent des traits communs : une tendance au perfectionnisme, une propension \u00e0 se fixer des objectifs tr\u00e8s \u00e9lev\u00e9s, et une difficult\u00e9 \u00e0 s\u2019accorder le droit \u00e0 l\u2019erreur. Si ces qualit\u00e9s peuvent \u00eatre des atouts remarquables, elles entra\u00eenent parfois un co\u00fbt \u00e9motionnel important, g\u00e9n\u00e9rant une anxi\u00e9t\u00e9 chronique et un \u00e9puisement progressif.<\/p>\n<p style=\"font-weight: 400;\"><strong>Les d\u00e9fis des personnes \u00ab\u00a0hyper\u00a0\u00bb<\/strong><\/p>\n<p style=\"font-weight: 400;\">Les \u00ab\u00a0hyper\u00a0\u00bb vivent souvent dans un d\u00e9calage avec leur entourage et m\u00eame avec le rythme du monde. Leurs pens\u00e9es bouillonnent, leurs \u00e9motions sont intenses, et leur besoin de tout faire \u00ab\u00a0parfaitement\u00a0\u00bb les pousse \u00e0 surinvestir dans leurs r\u00f4les, qu\u2019il s\u2019agisse de leur vie professionnelle, familiale ou personnelle.<\/p>\n<p style=\"font-weight: 400;\">Cette dynamique peut, sur le long terme, conduire \u00e0 un <strong>burnout<\/strong>, qu\u2019il soit professionnel ou parental. Nombre de cas que j\u2019ai accompagn\u00e9s m\u2019ont montr\u00e9 combien ces personnalit\u00e9s lumineuses, mais \u00e9puis\u00e9es, avaient besoin de retrouver un \u00e9quilibre. Elles doivent apprendre \u00e0 se poser, \u00e0 red\u00e9finir leurs priorit\u00e9s et \u00e0 se ressourcer en profondeur pour \u00e9viter de s\u2019\u00e9crouler sous le poids de leurs propres attentes.<\/p>\n<p style=\"font-weight: 400;\"><strong>Pourquoi une formation en hypersensibilit\u00e9 ?<\/strong><\/p>\n<p style=\"font-weight: 400;\">Pour mieux comprendre et accompagner ces personnes uniques, je me suis form\u00e9e sp\u00e9cifiquement \u00e0 l\u2019<strong>accompagnement des hypersensibles<\/strong>. Cette formation m\u2019a permis de saisir les subtilit\u00e9s de leurs particularit\u00e9s, mais aussi de valoriser ces traits qui, bien que parfois v\u00e9cus comme des faiblesses, sont en r\u00e9alit\u00e9 des forces pr\u00e9cieuses.<\/p>\n<p style=\"font-weight: 400;\">Reconna\u00eetre ces particularit\u00e9s et les nommer est souvent une <strong>v\u00e9ritable reconnexion<\/strong> pour ces personnes qui se sentent parfois incomprises, en d\u00e9calage avec les autres, ou m\u00eame \u00e9trang\u00e8res au rythme effr\u00e9n\u00e9 de la soci\u00e9t\u00e9. Ce travail de reconnaissance constitue un premier pas essentiel vers un mieux-\u00eatre.<\/p>\n<p style=\"font-weight: 400;\"><strong>Un suivi sur-mesure pour retrouver l\u2019\u00e9quilibre<\/strong><\/p>\n<p style=\"font-weight: 400;\">Dans le cadre d\u2019un suivi, nous travaillerons ensemble pour :<\/p>\n<ul style=\"font-weight: 400;\">\n<li><strong>Explorer les drivers<\/strong> : ces messages internes h\u00e9rit\u00e9s de l\u2019enfance, comme \u00ab\u00a0Sois parfait\u00a0\u00bb, \u00ab\u00a0Fais des efforts\u00a0\u00bb, ou \u00ab\u00a0Sois fort\u00a0\u00bb, qui peuvent pousser \u00e0 l\u2019\u00e9puisement.<\/li>\n<li><strong>Revenir \u00e0 l\u2019histoire de vie<\/strong> : comprendre les \u00e9v\u00e9nements, les choix et les contextes qui ont amen\u00e9 \u00e0 cet \u00e9tat de surmenage.<\/li>\n<li><strong>Accueillir l\u2019\u00e9puisement<\/strong> : accepter qu\u2019il est n\u00e9cessaire de se reposer, de ralentir et de prendre soin de soi sans culpabilit\u00e9.<\/li>\n<li><strong>Se reconnecter \u00e0 ses ressources<\/strong> : r\u00e9fl\u00e9chir au sens, aux moyens et aux outils n\u00e9cessaires pour red\u00e9marrer sur des bases saines et \u00e9quilibr\u00e9es.<\/li>\n<\/ul>\n<p style=\"font-weight: 400;\">L\u2019accompagnement que je propose ne se limite pas \u00e0 soulager les sympt\u00f4mes d\u2019un burnout ou \u00e0 g\u00e9rer l\u2019anxi\u00e9t\u00e9. Il s\u2019agit d\u2019un processus global de <strong>reconnexion \u00e0 soi<\/strong>, pour apprendre \u00e0 apprivoiser son hypersensibilit\u00e9, \u00e0 valoriser ses particularit\u00e9s, et \u00e0 avancer avec douceur et bienveillance.<\/p>\n<p style=\"font-weight: 400;\">Si vous vous reconnaissez dans ces mots, sachez qu\u2019il est possible de transformer ce que vous percevez comme des contraintes en atouts puissants pour une vie plus sereine et \u00e9panouie. Je serais honor\u00e9e de vous accompagner dans ce cheminement.<\/p>\n<p style=\"font-weight: 400;\">[\/et_pb_text][\/et_pb_column][\/et_pb_row][\/et_pb_section]<\/p>\n","protected":false},"excerpt":{"rendered":"<p>Le Burn-outDans ma pratique de coach et th\u00e9rapeute, j\u2019ai eu le privil\u00e8ge de rencontrer de nombreuses personnes dites \u00ab\u00a0hyper\u00a0\u00bb : hypersensibles, hyperactives, hyperempathiques, souvent exigeantes envers elles-m\u00eames. Ces personnes partagent des traits communs : une tendance au perfectionnisme, une propension \u00e0 se fixer des objectifs tr\u00e8s \u00e9lev\u00e9s, et une difficult\u00e9 \u00e0 s\u2019accorder le droit \u00e0 [&hellip;]<\/p>\n","protected":false},"author":2,"featured_media":0,"parent":0,"menu_order":0,"comment_status":"closed","ping_status":"closed","template":"","meta":{"_et_pb_use_builder":"on","_et_pb_old_content":"","_et_gb_content_width":"","footnotes":""},"class_list":["post-200","page","type-page","status-publish","hentry"],"_links":{"self":[{"href":"https:\/\/marie-eve-gremmens.be\/index.php\/wp-json\/wp\/v2\/pages\/200","targetHints":{"allow":["GET"]}}],"collection":[{"href":"https:\/\/marie-eve-gremmens.be\/index.php\/wp-json\/wp\/v2\/pages"}],"about":[{"href":"https:\/\/marie-eve-gremmens.be\/index.php\/wp-json\/wp\/v2\/types\/page"}],"author":[{"embeddable":true,"href":"https:\/\/marie-eve-gremmens.be\/index.php\/wp-json\/wp\/v2\/users\/2"}],"replies":[{"embeddable":true,"href":"https:\/\/marie-eve-gremmens.be\/index.php\/wp-json\/wp\/v2\/comments?post=200"}],"version-history":[{"count":23,"href":"https:\/\/marie-eve-gremmens.be\/index.php\/wp-json\/wp\/v2\/pages\/200\/revisions"}],"predecessor-version":[{"id":787,"href":"https:\/\/marie-eve-gremmens.be\/index.php\/wp-json\/wp\/v2\/pages\/200\/revisions\/787"}],"wp:attachment":[{"href":"https:\/\/marie-eve-gremmens.be\/index.php\/wp-json\/wp\/v2\/media?parent=200"}],"curies":[{"name":"wp","href":"https:\/\/api.w.org\/{rel}","templated":true}]}}

<p>[et_pb_section fb_built= »1&Prime; next_background_color= »#f2f6fc » _builder_version= »4.16&Prime; use_background_color_gradient= »on » background_color_gradient_stops= »rgba(127,141,255,0.5) 0%|#7f8dff 100% » background_color_gradient_overlays_image= »on » background_color_gradient_start= »rgba(127,141,255,0.5) » background_color_gradient_end= »#7f8dff » background_image= »http://marie-eve-gremmens.be/wp-content/uploads/2020/05/photo-burnout-pro.jpg » background_size= »initial » custom_margin= »||||false » custom_padding= »16vw||4vw||false » bottom_divider_style= »curve » bottom_divider_height= »2.5vw » global_colors_info= »{} »][et_pb_row _builder_version= »4.16&Prime; animation_style= »fade » global_colors_info= »{} »][et_pb_column type= »4_4&Prime; _builder_version= »4.16&Prime; custom_padding= »||| » global_colors_info= »{} » custom_padding__hover= »||| »][et_pb_text _builder_version= »4.16&Prime; text_font= »|||||||| » text_font_size= »18px » text_line_height= »2em » header_font= »Montserrat|300||||||| » header_font_size= »50px » header_line_height= »1.4em » text_orientation= »center » background_layout= »dark » max_width= »700px » module_alignment= »center » header_font_size_tablet= »40px » header_font_size_phone= »32px » header_font_size_last_edited= »on|desktop » global_colors_info= »{} »]</p>
<h1>Le Burn-out</h1>
<p>[/et_pb_text][/et_pb_column][/et_pb_row][/et_pb_section][et_pb_section fb_built= »1&Prime; custom_padding_last_edited= »off|desktop » admin_label= »About » _builder_version= »4.16&Prime; background_color= »#f2f6fc » use_background_color_gradient= »on » background_color_gradient_type= »circular » background_color_gradient_stops= »rgba(255,255,255,0) 67%|#ffffff 100% » background_color_gradient_start= »rgba(255,255,255,0) » background_color_gradient_start_position= »67% » background_color_gradient_end= »#ffffff » background_image= »http://marie-eve-gremmens.be/wp-content/uploads/2019/10/therapist-06d.png » parallax= »on » custom_padding= »100px|0px|100px|0px|true|false » custom_padding_tablet= »40px||40px||true » global_colors_info= »{} »][et_pb_row _builder_version= »4.16&Prime; global_colors_info= »{} »][et_pb_column type= »4_4&Prime; _builder_version= »4.16&Prime; global_colors_info= »{} »][et_pb_text _builder_version= »4.27.4&Prime; global_colors_info= »{} »]</p>
<p style="font-weight: 400;">Dans ma pratique de <strong>coach et thérapeute</strong>, j’ai eu le privilège de rencontrer de nombreuses personnes dites « hyper » : hypersensibles, hyperactives, hyperempathiques, souvent exigeantes envers elles-mêmes. Ces personnes partagent des traits communs : une tendance au perfectionnisme, une propension à se fixer des objectifs très élevés, et une difficulté à s’accorder le droit à l’erreur. Si ces qualités peuvent être des atouts remarquables, elles entraînent parfois un coût émotionnel important, générant une anxiété chronique et un épuisement progressif.</p>
<p style="font-weight: 400;"><strong>Les défis des personnes « hyper »</strong></p>
<p style="font-weight: 400;">Les « hyper » vivent souvent dans un décalage avec leur entourage et même avec le rythme du monde. Leurs pensées bouillonnent, leurs émotions sont intenses, et leur besoin de tout faire « parfaitement » les pousse à surinvestir dans leurs rôles, qu’il s’agisse de leur vie professionnelle, familiale ou personnelle.</p>
<p style="font-weight: 400;">Cette dynamique peut, sur le long terme, conduire à un <strong>burnout</strong>, qu’il soit professionnel ou parental. Nombre de cas que j’ai accompagnés m’ont montré combien ces personnalités lumineuses, mais épuisées, avaient besoin de retrouver un équilibre. Elles doivent apprendre à se poser, à redéfinir leurs priorités et à se ressourcer en profondeur pour éviter de s’écrouler sous le poids de leurs propres attentes.</p>
<p style="font-weight: 400;"><strong>Pourquoi une formation en hypersensibilité ?</strong></p>
<p style="font-weight: 400;">Pour mieux comprendre et accompagner ces personnes uniques, je me suis formée spécifiquement à l’<strong>accompagnement des hypersensibles</strong>. Cette formation m’a permis de saisir les subtilités de leurs particularités, mais aussi de valoriser ces traits qui, bien que parfois vécus comme des faiblesses, sont en réalité des forces précieuses.</p>
<p style="font-weight: 400;">Reconnaître ces particularités et les nommer est souvent une <strong>véritable reconnexion</strong> pour ces personnes qui se sentent parfois incomprises, en décalage avec les autres, ou même étrangères au rythme effréné de la société. Ce travail de reconnaissance constitue un premier pas essentiel vers un mieux-être.</p>
<p style="font-weight: 400;"><strong>Un suivi sur-mesure pour retrouver l’équilibre</strong></p>
<p style="font-weight: 400;">Dans le cadre d’un suivi, nous travaillerons ensemble pour :</p>
<ul style="font-weight: 400;">
<li><strong>Explorer les drivers</strong> : ces messages internes hérités de l’enfance, comme « Sois parfait », « Fais des efforts », ou « Sois fort », qui peuvent pousser à l’épuisement.</li>
<li><strong>Revenir à l’histoire de vie</strong> : comprendre les événements, les choix et les contextes qui ont amené à cet état de surmenage.</li>
<li><strong>Accueillir l’épuisement</strong> : accepter qu’il est nécessaire de se reposer, de ralentir et de prendre soin de soi sans culpabilité.</li>
<li><strong>Se reconnecter à ses ressources</strong> : réfléchir au sens, aux moyens et aux outils nécessaires pour redémarrer sur des bases saines et équilibrées.</li>
</ul>
<p style="font-weight: 400;">L’accompagnement que je propose ne se limite pas à soulager les symptômes d’un burnout ou à gérer l’anxiété. Il s’agit d’un processus global de <strong>reconnexion à soi</strong>, pour apprendre à apprivoiser son hypersensibilité, à valoriser ses particularités, et à avancer avec douceur et bienveillance.</p>
<p style="font-weight: 400;">Si vous vous reconnaissez dans ces mots, sachez qu’il est possible de transformer ce que vous percevez comme des contraintes en atouts puissants pour une vie plus sereine et épanouie. Je serais honorée de vous accompagner dans ce cheminement.</p>
<p style="font-weight: 400;">[/et_pb_text][/et_pb_column][/et_pb_row][/et_pb_section]</p>

<p>Le Burn-outDans ma pratique de coach et thérapeute, j’ai eu le privilège de rencontrer de nombreuses personnes dites « hyper » : hypersensibles, hyperactives, hyperempathiques, souvent exigeantes envers elles-mêmes. Ces personnes partagent des traits communs : une tendance au perfectionnisme, une propension à se fixer des objectifs très élevés, et une difficulté à s’accorder le droit à [&hellip;]</p>
