{"id":327,"date":"2020-06-21T21:03:47","date_gmt":"2020-06-21T19:03:47","guid":{"rendered":"http:\/\/marie-eve-gremmens.be\/?page_id=327"},"modified":"2020-06-21T21:04:19","modified_gmt":"2020-06-21T19:04:19","slug":"bibliographie-burn-out-parental","status":"publish","type":"page","link":"https:\/\/marie-eve-gremmens.be\/index.php\/bibliographie-burn-out-parental\/","title":{"rendered":"Bibliographie Burn-out parental"},"content":{"rendered":"<p>[et_pb_section fb_built=\u00a0\u00bb1&Prime; custom_padding_last_edited=\u00a0\u00bbon|tablet\u00a0\u00bb next_background_color=\u00a0\u00bb#ffffff\u00a0\u00bb admin_label=\u00a0\u00bbHero\u00a0\u00bb _builder_version=\u00a0\u00bb3.22&Prime; use_background_color_gradient=\u00a0\u00bbon\u00a0\u00bb background_color_gradient_start=\u00a0\u00bbrgba(214,218,255,0.7)\u00a0\u00bb background_color_gradient_end=\u00a0\u00bbrgba(214,218,255,0.3)\u00a0\u00bb background_color_gradient_type=\u00a0\u00bbradial\u00a0\u00bb background_color_gradient_direction_radial=\u00a0\u00bbtop left\u00a0\u00bb background_color_gradient_start_position=\u00a0\u00bb50%\u00a0\u00bb background_color_gradient_overlays_image=\u00a0\u00bbon\u00a0\u00bb background_image=\u00a0\u00bbhttp:\/\/marie-eve-gremmens.be\/wp-content\/uploads\/2019\/10\/therapist-10.png\u00a0\u00bb parallax=\u00a0\u00bbon\u00a0\u00bb custom_margin=\u00a0\u00bb||||false\u00a0\u00bb custom_padding=\u00a0\u00bb14vw||4vw||false|false\u00a0\u00bb custom_padding_tablet=\u00a0\u00bb||50px|\u00a0\u00bb bottom_divider_style=\u00a0\u00bbcurve\u00a0\u00bb bottom_divider_height=\u00a0\u00bb2.5vw\u00a0\u00bb fb_built=\u00a0\u00bb1&Prime; _i=\u00a0\u00bb0&Prime; _address=\u00a0\u00bb0&Prime;][et_pb_row _builder_version=\u00a0\u00bb3.25&Prime; animation_style=\u00a0\u00bbfade\u00a0\u00bb _i=\u00a0\u00bb0&Prime; _address=\u00a0\u00bb0.0&Prime;][et_pb_column type=\u00a0\u00bb4_4&Prime; _builder_version=\u00a0\u00bb3.25&Prime; custom_padding=\u00a0\u00bb|||\u00a0\u00bb _i=\u00a0\u00bb0&Prime; _address=\u00a0\u00bb0.0.0&Prime; custom_padding__hover=\u00a0\u00bb|||\u00a0\u00bb][et_pb_text _builder_version=\u00a0\u00bb3.27.2&Prime; text_font=\u00a0\u00bb||||||||\u00a0\u00bb text_font_size=\u00a0\u00bb18px\u00a0\u00bb text_line_height=\u00a0\u00bb2em\u00a0\u00bb header_font=\u00a0\u00bbMontserrat|300|||||||\u00a0\u00bb header_font_size=\u00a0\u00bb50px\u00a0\u00bb header_line_height=\u00a0\u00bb1.4em\u00a0\u00bb text_orientation=\u00a0\u00bbcenter\u00a0\u00bb max_width=\u00a0\u00bb700px\u00a0\u00bb module_alignment=\u00a0\u00bbcenter\u00a0\u00bb header_font_size_tablet=\u00a0\u00bb40px\u00a0\u00bb header_font_size_phone=\u00a0\u00bb32px\u00a0\u00bb header_font_size_last_edited=\u00a0\u00bbon|desktop\u00a0\u00bb _i=\u00a0\u00bb0&Prime; _address=\u00a0\u00bb0.0.0.0&Prime;]<\/p>\n<p class=\"Standard\">Parce qu&rsquo;il n&rsquo;est pas toujours facile d&rsquo;aller consulter \u00e0 un professionnel parce qu&rsquo;on \u00ab\u00a0croit\u00a0\u00bb qu&rsquo;on est en burnout, qu&rsquo;on \u00ab\u00a0n&rsquo;en peut plus de ses enfants\u00a0\u00bbou parce qu&rsquo;on \u00ab\u00a0est \u00e0 bout\u00a0\u00bb, la lecture de ces livres peut vous aider. Elle ne pourra pas se substituer \u00e0 une prise en charge&#8230;et c&rsquo;est bien normal. Chaque personne est diff\u00e9rente, avec ses affects, ses \u00e9motions, son histoire et son contexte.<\/p>\n<p class=\"Standard\">Ces lectures peuvent par contre vous permettre de vous rendre compte que vous n&rsquo;\u00eates pas seuls et qu&rsquo;il existe des solutions. Elles peuvent vous donner l&rsquo;impulsion qui vous manquait peut-\u00eatre pour sortir de la solitude et arriver \u00e0 mettre des mots sur la souffrance que vous ressentez.<\/p>\n<p>[\/et_pb_text][\/et_pb_column][\/et_pb_row][\/et_pb_section][et_pb_section fb_built=\u00a0\u00bb1&Prime; _builder_version=\u00a0\u00bb3.27.2&Prime; fb_built=\u00a0\u00bb1&Prime; _i=\u00a0\u00bb1&Prime; _address=\u00a0\u00bb1&Prime;][et_pb_row column_structure=\u00a0\u00bb1_3,1_3,1_3&Prime; _builder_version=\u00a0\u00bb3.27.2&Prime; _i=\u00a0\u00bb0&Prime; _address=\u00a0\u00bb1.0&Prime;][et_pb_column type=\u00a0\u00bb1_3&Prime; _builder_version=\u00a0\u00bb3.27.2&Prime; _i=\u00a0\u00bb0&Prime; _address=\u00a0\u00bb1.0.0&Prime;][et_pb_blurb title=\u00a0\u00bbMoira Mikolajczak, Isabelle Roskam, Le burn-out parental, Comprendre, Diagnostiquer et prendre en ces charge. Parti le 27 mars 2018 Essai (Broch\u00e9) en fran\u00e7ais\u00a0\u00bb image=\u00a0\u00bbhttp:\/\/marie-eve-gremmens.be\/wp-content\/uploads\/2020\/06\/1.png\u00a0\u00bb _builder_version=\u00a0\u00bb3.27.2&Prime; _i=\u00a0\u00bb0&Prime; _address=\u00a0\u00bb1.0.0.0&Prime;][\/et_pb_blurb][\/et_pb_column][et_pb_column type=\u00a0\u00bb1_3&Prime; _builder_version=\u00a0\u00bb3.27.2&Prime; _i=\u00a0\u00bb1&Prime; _address=\u00a0\u00bb1.0.1&Prime;][et_pb_blurb title=\u00a0\u00bbMoira Mikolajcazak, Isabelle Roskam, Le burn-out parental : L&rsquo;\u00e9viter et s&rsquo;en sortir (Fran\u00e7ais) Broch\u00e9 &#8211; 18 janvier 2017&Prime; image=\u00a0\u00bbhttp:\/\/marie-eve-gremmens.be\/wp-content\/uploads\/2020\/06\/2.png\u00a0\u00bb _builder_version=\u00a0\u00bb3.27.2&Prime; _i=\u00a0\u00bb0&Prime; _address=\u00a0\u00bb1.0.1.0&Prime;][\/et_pb_blurb][\/et_pb_column][et_pb_column type=\u00a0\u00bb1_3&Prime; _builder_version=\u00a0\u00bb3.27.2&Prime; _i=\u00a0\u00bb2&Prime; _address=\u00a0\u00bb1.0.2&Prime;][et_pb_blurb title=\u00a0\u00bbLiliane Holstein, Le burn-out parental (Fran\u00e7ais) Poche &#8211; 10 octobre 2014&Prime; image=\u00a0\u00bbhttp:\/\/marie-eve-gremmens.be\/wp-content\/uploads\/2020\/06\/3.png\u00a0\u00bb _builder_version=\u00a0\u00bb3.27.2&Prime; _i=\u00a0\u00bb0&Prime; _address=\u00a0\u00bb1.0.2.0&Prime;][\/et_pb_blurb][\/et_pb_column][\/et_pb_row][et_pb_row column_structure=\u00a0\u00bb1_3,1_3,1_3&Prime; _builder_version=\u00a0\u00bb3.27.2&Prime; _i=\u00a0\u00bb1&Prime; _address=\u00a0\u00bb1.1&Prime;][et_pb_column type=\u00a0\u00bb1_3&Prime; _builder_version=\u00a0\u00bb3.27.2&Prime; _i=\u00a0\u00bb0&Prime; _address=\u00a0\u00bb1.1.0&Prime;][et_pb_blurb title=\u00a0\u00bbStephanie Allenou, M\u00e8re \u00e9puis\u00e9e (Fran\u00e7ais) Broch\u00e9 &#8211; 2 f\u00e9vrier 2011&Prime; image=\u00a0\u00bbhttp:\/\/marie-eve-gremmens.be\/wp-content\/uploads\/2020\/06\/4.png\u00a0\u00bb _builder_version=\u00a0\u00bb3.27.2&Prime; _i=\u00a0\u00bb0&Prime; _address=\u00a0\u00bb1.1.0.0&Prime;][\/et_pb_blurb][\/et_pb_column][et_pb_column type=\u00a0\u00bb1_3&Prime; _builder_version=\u00a0\u00bb3.27.2&Prime; _i=\u00a0\u00bb1&Prime; _address=\u00a0\u00bb1.1.1&Prime;][et_pb_blurb title=\u00a0\u00bbMarie-Christine Eustache, le burnout maternel, comment j&rsquo;en suis sortie, paru le 13 janvier 2016&Prime; image=\u00a0\u00bbhttp:\/\/marie-eve-gremmens.be\/wp-content\/uploads\/2020\/06\/5.png\u00a0\u00bb _builder_version=\u00a0\u00bb3.27.2&Prime; _i=\u00a0\u00bb0&Prime; _address=\u00a0\u00bb1.1.1.0&Prime;][\/et_pb_blurb][\/et_pb_column][et_pb_column type=\u00a0\u00bb1_3&Prime; _builder_version=\u00a0\u00bb3.27.2&Prime; _i=\u00a0\u00bb2&Prime; _address=\u00a0\u00bb1.1.2&Prime;][et_pb_blurb title=\u00a0\u00bbElise Lecornet, Corinne Melot Le burn-out parental en 100 Questions\/R\u00e9ponses, Paru le 10 septembre 2019 Guide (Broch\u00e9) en fran\u00e7ais\u00a0\u00bb image=\u00a0\u00bbhttp:\/\/marie-eve-gremmens.be\/wp-content\/uploads\/2020\/06\/6.png\u00a0\u00bb _builder_version=\u00a0\u00bb3.27.2&Prime; _i=\u00a0\u00bb0&Prime; _address=\u00a0\u00bb1.1.2.0&Prime;][\/et_pb_blurb][\/et_pb_column][\/et_pb_row][\/et_pb_section]<\/p>\n","protected":false},"excerpt":{"rendered":"<p>Parce qu&rsquo;il n&rsquo;est pas toujours facile d&rsquo;aller consulter \u00e0 un professionnel parce qu&rsquo;on \u00ab\u00a0croit\u00a0\u00bb qu&rsquo;on est en burnout, qu&rsquo;on \u00ab\u00a0n&rsquo;en peut plus de ses enfants\u00a0\u00bbou parce qu&rsquo;on \u00ab\u00a0est \u00e0 bout\u00a0\u00bb, la lecture de ces livres peut vous aider. Elle ne pourra pas se substituer \u00e0 une prise en charge&#8230;et c&rsquo;est bien normal. Chaque personne est [&hellip;]<\/p>\n","protected":false},"author":2,"featured_media":0,"parent":0,"menu_order":0,"comment_status":"closed","ping_status":"closed","template":"","meta":{"_et_pb_use_builder":"on","_et_pb_old_content":"","_et_gb_content_width":"","footnotes":""},"class_list":["post-327","page","type-page","status-publish","hentry"],"_links":{"self":[{"href":"https:\/\/marie-eve-gremmens.be\/index.php\/wp-json\/wp\/v2\/pages\/327","targetHints":{"allow":["GET"]}}],"collection":[{"href":"https:\/\/marie-eve-gremmens.be\/index.php\/wp-json\/wp\/v2\/pages"}],"about":[{"href":"https:\/\/marie-eve-gremmens.be\/index.php\/wp-json\/wp\/v2\/types\/page"}],"author":[{"embeddable":true,"href":"https:\/\/marie-eve-gremmens.be\/index.php\/wp-json\/wp\/v2\/users\/2"}],"replies":[{"embeddable":true,"href":"https:\/\/marie-eve-gremmens.be\/index.php\/wp-json\/wp\/v2\/comments?post=327"}],"version-history":[{"count":4,"href":"https:\/\/marie-eve-gremmens.be\/index.php\/wp-json\/wp\/v2\/pages\/327\/revisions"}],"predecessor-version":[{"id":339,"href":"https:\/\/marie-eve-gremmens.be\/index.php\/wp-json\/wp\/v2\/pages\/327\/revisions\/339"}],"wp:attachment":[{"href":"https:\/\/marie-eve-gremmens.be\/index.php\/wp-json\/wp\/v2\/media?parent=327"}],"curies":[{"name":"wp","href":"https:\/\/api.w.org\/{rel}","templated":true}]}}