{"id":462,"date":"2020-11-26T21:03:17","date_gmt":"2020-11-26T20:03:17","guid":{"rendered":"http:\/\/marie-eve-gremmens.be\/?page_id=462"},"modified":"2020-12-15T19:04:25","modified_gmt":"2020-12-15T18:04:25","slug":"hypnose-et-minceur","status":"publish","type":"page","link":"https:\/\/marie-eve-gremmens.be\/index.php\/hypnose-et-minceur\/","title":{"rendered":"Hypnose et minceur"},"content":{"rendered":"<p>[et_pb_section fb_built=\u00a0\u00bb1&Prime; next_background_color=\u00a0\u00bb#ffffff\u00a0\u00bb _builder_version=\u00a0\u00bb4.7.4&Prime; use_background_color_gradient=\u00a0\u00bbon\u00a0\u00bb background_color_gradient_start=\u00a0\u00bbrgba(127,141,255,0.5)\u00a0\u00bb background_color_gradient_end=\u00a0\u00bb#7f8dff\u00a0\u00bb background_color_gradient_overlays_image=\u00a0\u00bbon\u00a0\u00bb background_enable_image=\u00a0\u00bboff\u00a0\u00bb background_size=\u00a0\u00bbinitial\u00a0\u00bb custom_margin=\u00a0\u00bb||||false\u00a0\u00bb custom_padding=\u00a0\u00bb16vw||4vw||false\u00a0\u00bb bottom_divider_style=\u00a0\u00bbcurve\u00a0\u00bb bottom_divider_height=\u00a0\u00bb2.5vw\u00a0\u00bb][et_pb_row _builder_version=\u00a0\u00bb3.25&Prime; animation_style=\u00a0\u00bbfade\u00a0\u00bb][et_pb_column type=\u00a0\u00bb4_4&Prime; _builder_version=\u00a0\u00bb3.25&Prime; custom_padding=\u00a0\u00bb|||\u00a0\u00bb custom_padding__hover=\u00a0\u00bb|||\u00a0\u00bb][et_pb_text _builder_version=\u00a0\u00bb4.7.4&Prime; text_font=\u00a0\u00bb||||||||\u00a0\u00bb text_font_size=\u00a0\u00bb18px\u00a0\u00bb text_line_height=\u00a0\u00bb2em\u00a0\u00bb header_font=\u00a0\u00bbMontserrat|300|||||||\u00a0\u00bb header_font_size=\u00a0\u00bb50px\u00a0\u00bb header_line_height=\u00a0\u00bb1.4em\u00a0\u00bb text_orientation=\u00a0\u00bbcenter\u00a0\u00bb background_layout=\u00a0\u00bbdark\u00a0\u00bb max_width=\u00a0\u00bb700px\u00a0\u00bb module_alignment=\u00a0\u00bbcenter\u00a0\u00bb header_font_size_tablet=\u00a0\u00bb40px\u00a0\u00bb header_font_size_phone=\u00a0\u00bb32px\u00a0\u00bb header_font_size_last_edited=\u00a0\u00bbon|desktop\u00a0\u00bb]<\/p>\n<h1>Hypnose et minceur<\/h1>\n<p>[\/et_pb_text][\/et_pb_column][\/et_pb_row][\/et_pb_section][et_pb_section fb_built=\u00a0\u00bb1&Prime; _builder_version=\u00a0\u00bb3.27.2&Prime;][et_pb_row _builder_version=\u00a0\u00bb3.27.2&Prime;][et_pb_column type=\u00a0\u00bb4_4&Prime; _builder_version=\u00a0\u00bb3.27.2&Prime;][et_pb_text _builder_version=\u00a0\u00bb4.7.4&Prime;]<\/p>\n<div class=\"et_pb_module et_pb_text et_pb_text_1 et_pb_bg_layout_light et_pb_text_align_left\">\n<div dir=\"ltr\" style=\"text-align: center;\">Termin\u00e9 les r\u00e9gimes yoyo! Savez-vous que des \u00e9tudes ont mis en avant que le fait de fait de faire r\u00e9gime faisait prendre du poids, et parfois plus qu&rsquo;au d\u00e9part?<\/div>\n<div dir=\"ltr\" style=\"text-align: center;\">Des personnes ont parfois essay\u00e9 jusqu&rsquo;\u00e0 10 r\u00e9gimes, devenant presque des experts de l&rsquo;alimentation et pourtant, malgr\u00e9 cela, elles ont \u00e0 chaque fois repris le poids qu&rsquo;elles avaient perdu. Quelle d\u00e9ception!\u00a0 Ca plombe le moral, l&rsquo;estime de soi et culpabilise. De nombreuses personnes se sentent mal avec leur corps et d\u00e9sesp\u00e8rent.<\/div>\n<div dir=\"ltr\" style=\"text-align: center;\">Gr\u00e2ce \u00e0 la m\u00e9thode que je propose, vous allez (re)trouver un poids forme sans restriction. C&rsquo;est une bonne nouvelle! Cependant, il n&rsquo;y a pas de baguette magique. Cette prise en charge n\u00e9cessaire un travail sur le corps et l&rsquo;esprit. On travaille sur les 2 parties. C&rsquo;est fondamental et en m\u00eame temps&#8230; tellement normal.<\/div>\n<div dir=\"ltr\" style=\"text-align: center;\">En respectant votre chronobiologie, vous allez apprendre \u00e0 \u00eatre \u00e0 l&rsquo;\u00e9coute de votre faim et \u00e0 trouver la minceur. Fini la restriction alimentaire et de malmener son corps!<\/div>\n<div dir=\"ltr\" style=\"text-align: center;\">En retrouvant votre forme, vous allez retrouver la forme, la confiance, l&rsquo;amour de vous.<\/div>\n<\/div>\n<p>[\/et_pb_text][et_pb_image src=\u00a0\u00bbhttp:\/\/marie-eve-gremmens.be\/wp-content\/uploads\/2020\/11\/Veggie-Bowl_Maria-Marlowe-3.jpg\u00a0\u00bb title_text=\u00a0\u00bbVeggie-Bowl_Maria-Marlowe-3&Prime; align=\u00a0\u00bbcenter\u00a0\u00bb _builder_version=\u00a0\u00bb4.7.4&Prime; _module_preset=\u00a0\u00bbdefault\u00a0\u00bb][\/et_pb_image][et_pb_text _builder_version=\u00a0\u00bb4.7.7&Prime; _module_preset=\u00a0\u00bbdefault\u00a0\u00bb]<\/p>\n<div dir=\"ltr\" style=\"text-align: center;\">Lors du premier entretien, qui dure environ 2h, nous allons \u00e9valuer votre situation, faire une anamn\u00e8se permettant de d\u00e9terminer votre objectif et de comprendre ce qui a pu contribuer \u00e0 votre prise de poids.<\/div>\n<div dir=\"ltr\" style=\"text-align: center;\">L&rsquo;hypnose minceur est de l&rsquo;hypnose conversationnelle et \u00e9ricksonienne.<\/div>\n<div dir=\"ltr\" style=\"text-align: center;\">Vous avez envie de retrouver la silhouette dans laquelle vous vous sentez si bien? Si libre? Si confiance?<\/div>\n<div dir=\"ltr\" style=\"text-align: center;\">Gr\u00e2ce \u00e0 cette m\u00e9thode, vous y arriverez!<\/div>\n<div dir=\"ltr\" style=\"text-align: center;\" data-setdir=\"false\">Tarif: 100\u20ac la 1i\u00e8re s\u00e9ance et 60\u20ac\/s\u00e9ance pour les suivantes.<\/div>\n<div dir=\"ltr\" style=\"text-align: center;\" data-setdir=\"false\">Prenez contact avec moi pour plus d&rsquo;information.<\/div>\n<p>[\/et_pb_text][\/et_pb_column][\/et_pb_row][\/et_pb_section]<\/p>\n","protected":false},"excerpt":{"rendered":"<p>Hypnose et minceur Termin\u00e9 les r\u00e9gimes yoyo! Savez-vous que des \u00e9tudes ont mis en avant que le fait de fait de faire r\u00e9gime faisait prendre du poids, et parfois plus qu&rsquo;au d\u00e9part? Des personnes ont parfois essay\u00e9 jusqu&rsquo;\u00e0 10 r\u00e9gimes, devenant presque des experts de l&rsquo;alimentation et pourtant, malgr\u00e9 cela, elles ont \u00e0 chaque fois [&hellip;]<\/p>\n","protected":false},"author":2,"featured_media":0,"parent":0,"menu_order":0,"comment_status":"closed","ping_status":"closed","template":"","meta":{"_et_pb_use_builder":"on","_et_pb_old_content":"","_et_gb_content_width":"","footnotes":""},"class_list":["post-462","page","type-page","status-publish","hentry"],"_links":{"self":[{"href":"https:\/\/marie-eve-gremmens.be\/index.php\/wp-json\/wp\/v2\/pages\/462","targetHints":{"allow":["GET"]}}],"collection":[{"href":"https:\/\/marie-eve-gremmens.be\/index.php\/wp-json\/wp\/v2\/pages"}],"about":[{"href":"https:\/\/marie-eve-gremmens.be\/index.php\/wp-json\/wp\/v2\/types\/page"}],"author":[{"embeddable":true,"href":"https:\/\/marie-eve-gremmens.be\/index.php\/wp-json\/wp\/v2\/users\/2"}],"replies":[{"embeddable":true,"href":"https:\/\/marie-eve-gremmens.be\/index.php\/wp-json\/wp\/v2\/comments?post=462"}],"version-history":[{"count":7,"href":"https:\/\/marie-eve-gremmens.be\/index.php\/wp-json\/wp\/v2\/pages\/462\/revisions"}],"predecessor-version":[{"id":508,"href":"https:\/\/marie-eve-gremmens.be\/index.php\/wp-json\/wp\/v2\/pages\/462\/revisions\/508"}],"wp:attachment":[{"href":"https:\/\/marie-eve-gremmens.be\/index.php\/wp-json\/wp\/v2\/media?parent=462"}],"curies":[{"name":"wp","href":"https:\/\/api.w.org\/{rel}","templated":true}]}}